{"id":40926,"date":"2026-04-20T16:52:32","date_gmt":"2026-04-20T13:52:32","guid":{"rendered":"https:\/\/dijitaltekzaman.com\/yenisite\/?page_id=40926"},"modified":"2026-04-20T20:56:42","modified_gmt":"2026-04-20T17:56:42","slug":"insan-kaynakalri","status":"publish","type":"page","link":"https:\/\/dijitaltekzaman.com\/yenisite\/insan-kaynakalri\/","title":{"rendered":"\u0130nsan Kaynaklar\u0131"},"content":{"rendered":"\t\t<div data-elementor-type=\"wp-page\" data-elementor-id=\"40926\" class=\"elementor elementor-40926\">\n\t\t\t\t<div class=\"elementor-element elementor-element-ba34d24 e-con-full e-flex cmsmasters-block-default e-con e-parent\" data-id=\"ba34d24\" data-element_type=\"container\" data-e-type=\"container\">\n\t\t<div class=\"elementor-element elementor-element-a103170 e-con-full e-flex cmsmasters-block-default e-con e-child\" data-id=\"a103170\" data-element_type=\"container\" data-e-type=\"container\" data-settings=\"{&quot;background_background&quot;:&quot;classic&quot;}\">\n\t\t\t\t<div class=\"elementor-element elementor-element-bb8fe99 cmsmasters-block-default cmsmasters-sticky-default elementor-invisible elementor-widget elementor-widget-button\" data-id=\"bb8fe99\" data-element_type=\"widget\" data-e-type=\"widget\" data-settings=\"{&quot;_animation&quot;:&quot;cmsmasters-fade-in-up&quot;}\" data-widget_type=\"button.default\">\n\t\t\t\t\t\t\t\t\t\t<a class=\"elementor-button elementor-size-sm\" role=\"button\">\n\t\t\t\t\t\t<span class=\"elementor-button-content-wrapper\">\n\t\t\t\t\t\t\t\t\t<span class=\"elementor-button-text\">\u0130nsan Kaynaklar\u0131<\/span>\n\t\t\t\t\t<\/span>\n\t\t\t\t\t<\/a>\n\t\t\t\t\t\t\t\t<\/div>\n\t\t\t\t<div class=\"elementor-element elementor-element-a653aaa cmsmasters-block-default cmsmasters-sticky-default elementor-invisible elementor-widget elementor-widget-heading\" data-id=\"a653aaa\" data-element_type=\"widget\" data-e-type=\"widget\" data-settings=\"{&quot;_animation&quot;:&quot;cmsmasters-fade-in-up&quot;,&quot;_animation_delay&quot;:200}\" data-widget_type=\"heading.default\">\n\t\t\t\t\t<h1 class=\"elementor-heading-title elementor-size-default\">Bizimle \u00c7al\u0131\u015fma \u0130ster Misiniz?<\/h1>\t\t\t\t<\/div>\n\t\t\t\t<div class=\"elementor-element elementor-element-8d1b814 cmsmasters-block-default cmsmasters-sticky-default elementor-invisible elementor-widget elementor-widget-text-editor\" data-id=\"8d1b814\" data-element_type=\"widget\" data-e-type=\"widget\" data-settings=\"{&quot;_animation&quot;:&quot;cmsmasters-fade-in-up&quot;,&quot;_animation_delay&quot;:300}\" data-widget_type=\"text-editor.default\">\n\t\t\t\t\t\t\t\t\t<div class=\"flex max-w-full flex-col gap-4 grow\"><div class=\"min-h-8 text-message relative flex w-full flex-col items-end gap-2 text-start break-words whitespace-normal outline-none keyboard-focused:focus-ring [.text-message+&amp;]:mt-1\" dir=\"auto\" tabindex=\"0\" data-message-author-role=\"assistant\" data-message-id=\"1759fd43-0e92-437f-bfd2-e421e604e651\" data-message-model-slug=\"gpt-5-3\" data-turn-start-message=\"true\"><div class=\"flex w-full flex-col gap-1 empty:hidden\"><div class=\"markdown prose dark:prose-invert w-full wrap-break-word light markdown-new-styling\"><p data-start=\"0\" data-end=\"50\" data-is-last-node=\"\" data-is-only-node=\"\">Gelin Ailemizin par\u00e7as\u0131 olun!!<\/p><\/div><\/div><\/div><\/div>\t\t\t\t\t\t\t\t<\/div>\n\t\t\t\t<\/div>\n\t\t<div class=\"elementor-element elementor-element-f75e836 e-con-full e-flex cmsmasters-bg-hide-none cmsmasters-bg-hide-none cmsmasters-block-default e-con e-child\" data-id=\"f75e836\" data-element_type=\"container\" data-e-type=\"container\" data-settings=\"{&quot;background_background&quot;:&quot;classic&quot;}\">\n\t\t\t\t<div class=\"elementor-element elementor-element-d0b2e53 cmsmasters-block-default cmsmasters-sticky-default elementor-widget elementor-widget-spacer\" data-id=\"d0b2e53\" data-element_type=\"widget\" data-e-type=\"widget\" data-widget_type=\"spacer.default\">\n\t\t\t\t\t\t\t<div class=\"elementor-spacer\">\n\t\t\t<div class=\"elementor-spacer-inner\"><\/div>\n\t\t<\/div>\n\t\t\t\t\t\t<\/div>\n\t\t\t\t<\/div>\n\t\t\t\t<\/div>\n\t\t<div class=\"elementor-element elementor-element-0e9e2b0 e-flex e-con-boxed cmsmasters-block-default e-con e-parent\" data-id=\"0e9e2b0\" data-element_type=\"container\" data-e-type=\"container\">\n\t\t\t\t\t<div class=\"e-con-inner\">\n\t\t\t\t<div class=\"elementor-element elementor-element-38c9624 cmsmasters-block-default cmsmasters-sticky-default elementor-widget elementor-widget-text-editor\" data-id=\"38c9624\" data-element_type=\"widget\" data-e-type=\"widget\" data-widget_type=\"text-editor.default\">\n\t\t\t\t\t\t\t\t\t<p>Dijitaltek Zaman olarak, ekibimize de\u011fer katacak yetenekli ve yarat\u0131c\u0131 profesyonellerle \u00e7al\u0131\u015fmaktan mutluluk duyuyoruz. S\u00fcrekli geli\u015fen dijital d\u00fcnyada, yenilik\u00e7i \u00e7\u00f6z\u00fcmler \u00fcretebilen, dinamik ve sorumluluk sahibi ekip arkada\u015flar\u0131n\u0131 b\u00fcnyemize katmak i\u00e7in ba\u015fvurular\u0131n\u0131z\u0131 bekliyoruz. E\u011fer siz de bizimle birlikte b\u00fcy\u00fcmek ve ba\u015far\u0131ya ortak olmak istiyorsan\u0131z, g\u00fcncel \u00f6zge\u00e7mi\u015finizi\u00a0<strong data-start=\"525\" data-end=\"553\"><a href=\"mailto:info@dijitaltekzaman.com\">info@dijitaltekzaman.com<\/a><\/strong>\u00a0adresine g\u00f6nderebilirsiniz. T\u00fcm ba\u015fvurular gizlilikle de\u011ferlendirilir ve uygun pozisyonlarda adaylarla ileti\u015fime ge\u00e7ilir.<\/p>\t\t\t\t\t\t\t\t<\/div>\n\t\t\t\t\t<\/div>\n\t\t\t\t<\/div>\n\t\t\t\t<\/div>\n\t\t","protected":false},"excerpt":{"rendered":"<p>\u0130nsan Kaynaklar\u0131 Bizimle \u00c7al\u0131\u015fma \u0130ster Misiniz? Gelin Ailemizin par\u00e7as\u0131 olun!! Dijitaltek Zaman olarak, ekibimize de\u011fer katacak yetenekli ve yarat\u0131c\u0131 profesyonellerle \u00e7al\u0131\u015fmaktan mutluluk duyuyoruz. S\u00fcrekli geli\u015fen dijital d\u00fcnyada, yenilik\u00e7i \u00e7\u00f6z\u00fcmler \u00fcretebilen, dinamik ve sorumluluk sahibi ekip arkada\u015flar\u0131n\u0131 b\u00fcnyemize katmak i\u00e7in ba\u015fvurular\u0131n\u0131z\u0131 bekliyoruz. E\u011fer siz de bizimle birlikte b\u00fcy\u00fcmek ve ba\u015far\u0131ya ortak olmak istiyorsan\u0131z, g\u00fcncel \u00f6zge\u00e7mi\u015finizi\u00a0info@dijitaltekzaman.com\u00a0adresine g\u00f6nderebilirsiniz&#8230;.<\/p>\n","protected":false},"author":1,"featured_media":40927,"parent":0,"menu_order":0,"comment_status":"closed","ping_status":"closed","template":"","meta":{"_acf_changed":false,"footnotes":""},"categories":[],"tags":[],"class_list":["post-40926","page","type-page","status-publish","has-post-thumbnail","hentry"],"acf":[],"yoast_head":"<!-- This site is optimized with the Yoast SEO plugin v27.0 - https:\/\/yoast.com\/product\/yoast-seo-wordpress\/ -->\n<title>\u0130nsan Kaynaklar\u0131 - DijitalTek Zaman Kontrol Sistemleri<\/title>\n<meta name=\"description\" content=\"bu metni d\u00fczelt: B\u00fcnyemizde \u00e7al\u0131\u015fmak ister misiniz? Email adresimize cv veya hakk\u0131nda \u00f6zeti bizimle payla\u015f\u0131n yetkililer sizinle irtibata ge\u00e7sin.\" \/>\n<meta name=\"robots\" content=\"noindex, follow, max-snippet:-1, max-image-preview:large, max-video-preview:-1\" \/>\n<meta property=\"og:locale\" content=\"tr_TR\" \/>\n<meta property=\"og:type\" content=\"article\" \/>\n<meta property=\"og:title\" content=\"\u0130nsan Kaynaklar\u0131 - DijitalTek Zaman Kontrol Sistemleri\" \/>\n<meta property=\"og:description\" content=\"bu metni d\u00fczelt: B\u00fcnyemizde \u00e7al\u0131\u015fmak ister misiniz? Email adresimize cv veya hakk\u0131nda \u00f6zeti bizimle payla\u015f\u0131n yetkililer sizinle irtibata ge\u00e7sin.\" \/>\n<meta property=\"og:url\" content=\"https:\/\/dijitaltekzaman.com\/yenisite\/insan-kaynakalri\/\" \/>\n<meta property=\"og:site_name\" content=\"DijitalTek Zaman Kontrol Sistemleri\" \/>\n<meta property=\"article:publisher\" content=\"https:\/\/www.facebook.com\/profile.php?id=100083171868951\" \/>\n<meta property=\"article:modified_time\" content=\"2026-04-20T17:56:42+00:00\" \/>\n<meta property=\"og:image\" content=\"https:\/\/dijitaltekzaman.com\/yenisite\/wp-content\/uploads\/2026\/04\/ik.jpg\" \/>\n\t<meta property=\"og:image:width\" content=\"1080\" \/>\n\t<meta property=\"og:image:height\" content=\"1080\" \/>\n\t<meta property=\"og:image:type\" content=\"image\/jpeg\" \/>\n<meta name=\"twitter:card\" content=\"summary_large_image\" \/>\n<meta name=\"twitter:label1\" content=\"Tahmini okuma s\u00fcresi\" \/>\n\t<meta name=\"twitter:data1\" content=\"1 dakika\" \/>\n<script type=\"application\/ld+json\" class=\"yoast-schema-graph\">{\"@context\":\"https:\/\/schema.org\",\"@graph\":[{\"@type\":\"WebPage\",\"@id\":\"https:\/\/dijitaltekzaman.com\/yenisite\/insan-kaynakalri\/\",\"url\":\"https:\/\/dijitaltekzaman.com\/yenisite\/insan-kaynakalri\/\",\"name\":\"\u0130nsan Kaynaklar\u0131 - DijitalTek Zaman Kontrol Sistemleri\",\"isPartOf\":{\"@id\":\"https:\/\/dijitaltekzaman.com\/yenisite\/#website\"},\"primaryImageOfPage\":{\"@id\":\"https:\/\/dijitaltekzaman.com\/yenisite\/insan-kaynakalri\/#primaryimage\"},\"image\":{\"@id\":\"https:\/\/dijitaltekzaman.com\/yenisite\/insan-kaynakalri\/#primaryimage\"},\"thumbnailUrl\":\"https:\/\/dijitaltekzaman.com\/yenisite\/wp-content\/uploads\/2026\/04\/ik.jpg\",\"datePublished\":\"2026-04-20T13:52:32+00:00\",\"dateModified\":\"2026-04-20T17:56:42+00:00\",\"description\":\"bu metni d\u00fczelt: B\u00fcnyemizde \u00e7al\u0131\u015fmak ister misiniz? Email adresimize cv veya hakk\u0131nda \u00f6zeti bizimle payla\u015f\u0131n yetkililer sizinle irtibata ge\u00e7sin.\",\"breadcrumb\":{\"@id\":\"https:\/\/dijitaltekzaman.com\/yenisite\/insan-kaynakalri\/#breadcrumb\"},\"inLanguage\":\"tr\",\"potentialAction\":[{\"@type\":\"ReadAction\",\"target\":[\"https:\/\/dijitaltekzaman.com\/yenisite\/insan-kaynakalri\/\"]}]},{\"@type\":\"ImageObject\",\"inLanguage\":\"tr\",\"@id\":\"https:\/\/dijitaltekzaman.com\/yenisite\/insan-kaynakalri\/#primaryimage\",\"url\":\"https:\/\/dijitaltekzaman.com\/yenisite\/wp-content\/uploads\/2026\/04\/ik.jpg\",\"contentUrl\":\"https:\/\/dijitaltekzaman.com\/yenisite\/wp-content\/uploads\/2026\/04\/ik.jpg\",\"width\":1080,\"height\":1080,\"caption\":\"ik\"},{\"@type\":\"BreadcrumbList\",\"@id\":\"https:\/\/dijitaltekzaman.com\/yenisite\/insan-kaynakalri\/#breadcrumb\",\"itemListElement\":[{\"@type\":\"ListItem\",\"position\":1,\"name\":\"Anasayfa\",\"item\":\"https:\/\/dijitaltekzaman.com\/yenisite\/\"},{\"@type\":\"ListItem\",\"position\":2,\"name\":\"\u0130nsan Kaynaklar\u0131\"}]},{\"@type\":\"WebSite\",\"@id\":\"https:\/\/dijitaltekzaman.com\/yenisite\/#website\",\"url\":\"https:\/\/dijitaltekzaman.com\/yenisite\/\",\"name\":\"Dijitaltek Zaman Kontrol Sistemleri\",\"description\":\"\",\"publisher\":{\"@id\":\"https:\/\/dijitaltekzaman.com\/yenisite\/#organization\"},\"potentialAction\":[{\"@type\":\"SearchAction\",\"target\":{\"@type\":\"EntryPoint\",\"urlTemplate\":\"https:\/\/dijitaltekzaman.com\/yenisite\/?s={search_term_string}\"},\"query-input\":{\"@type\":\"PropertyValueSpecification\",\"valueRequired\":true,\"valueName\":\"search_term_string\"}}],\"inLanguage\":\"tr\"},{\"@type\":\"Organization\",\"@id\":\"https:\/\/dijitaltekzaman.com\/yenisite\/#organization\",\"name\":\"Dijitaltek Zaman Kontrol Sistemleri\",\"url\":\"https:\/\/dijitaltekzaman.com\/yenisite\/\",\"logo\":{\"@type\":\"ImageObject\",\"inLanguage\":\"tr\",\"@id\":\"https:\/\/dijitaltekzaman.com\/yenisite\/#\/schema\/logo\/image\/\",\"url\":\"https:\/\/dijitaltekzaman.com\/yenisite\/wp-content\/uploads\/2026\/02\/logo2.png\",\"contentUrl\":\"https:\/\/dijitaltekzaman.com\/yenisite\/wp-content\/uploads\/2026\/02\/logo2.png\",\"width\":300,\"height\":72,\"caption\":\"Dijitaltek Zaman Kontrol Sistemleri\"},\"image\":{\"@id\":\"https:\/\/dijitaltekzaman.com\/yenisite\/#\/schema\/logo\/image\/\"},\"sameAs\":[\"https:\/\/www.facebook.com\/profile.php?id=100083171868951\",\"https:\/\/www.instagram.com\/dijitaltekzaman\/\"]}]}<\/script>\n<!-- \/ Yoast SEO plugin. -->","yoast_head_json":{"title":"\u0130nsan Kaynaklar\u0131 - DijitalTek Zaman Kontrol Sistemleri","description":"bu metni d\u00fczelt: B\u00fcnyemizde \u00e7al\u0131\u015fmak ister misiniz? Email adresimize cv veya hakk\u0131nda \u00f6zeti bizimle payla\u015f\u0131n yetkililer sizinle irtibata ge\u00e7sin.","robots":{"index":"noindex","follow":"follow","max-snippet":"max-snippet:-1","max-image-preview":"max-image-preview:large","max-video-preview":"max-video-preview:-1"},"og_locale":"tr_TR","og_type":"article","og_title":"\u0130nsan Kaynaklar\u0131 - DijitalTek Zaman Kontrol Sistemleri","og_description":"bu metni d\u00fczelt: B\u00fcnyemizde \u00e7al\u0131\u015fmak ister misiniz? Email adresimize cv veya hakk\u0131nda \u00f6zeti bizimle payla\u015f\u0131n yetkililer sizinle irtibata ge\u00e7sin.","og_url":"https:\/\/dijitaltekzaman.com\/yenisite\/insan-kaynakalri\/","og_site_name":"DijitalTek Zaman Kontrol Sistemleri","article_publisher":"https:\/\/www.facebook.com\/profile.php?id=100083171868951","article_modified_time":"2026-04-20T17:56:42+00:00","og_image":[{"width":1080,"height":1080,"url":"https:\/\/dijitaltekzaman.com\/yenisite\/wp-content\/uploads\/2026\/04\/ik.jpg","type":"image\/jpeg"}],"twitter_card":"summary_large_image","twitter_misc":{"Tahmini okuma s\u00fcresi":"1 dakika"},"schema":{"@context":"https:\/\/schema.org","@graph":[{"@type":"WebPage","@id":"https:\/\/dijitaltekzaman.com\/yenisite\/insan-kaynakalri\/","url":"https:\/\/dijitaltekzaman.com\/yenisite\/insan-kaynakalri\/","name":"\u0130nsan Kaynaklar\u0131 - DijitalTek Zaman Kontrol Sistemleri","isPartOf":{"@id":"https:\/\/dijitaltekzaman.com\/yenisite\/#website"},"primaryImageOfPage":{"@id":"https:\/\/dijitaltekzaman.com\/yenisite\/insan-kaynakalri\/#primaryimage"},"image":{"@id":"https:\/\/dijitaltekzaman.com\/yenisite\/insan-kaynakalri\/#primaryimage"},"thumbnailUrl":"https:\/\/dijitaltekzaman.com\/yenisite\/wp-content\/uploads\/2026\/04\/ik.jpg","datePublished":"2026-04-20T13:52:32+00:00","dateModified":"2026-04-20T17:56:42+00:00","description":"bu metni d\u00fczelt: B\u00fcnyemizde \u00e7al\u0131\u015fmak ister misiniz? Email adresimize cv veya hakk\u0131nda \u00f6zeti bizimle payla\u015f\u0131n yetkililer sizinle irtibata ge\u00e7sin.","breadcrumb":{"@id":"https:\/\/dijitaltekzaman.com\/yenisite\/insan-kaynakalri\/#breadcrumb"},"inLanguage":"tr","potentialAction":[{"@type":"ReadAction","target":["https:\/\/dijitaltekzaman.com\/yenisite\/insan-kaynakalri\/"]}]},{"@type":"ImageObject","inLanguage":"tr","@id":"https:\/\/dijitaltekzaman.com\/yenisite\/insan-kaynakalri\/#primaryimage","url":"https:\/\/dijitaltekzaman.com\/yenisite\/wp-content\/uploads\/2026\/04\/ik.jpg","contentUrl":"https:\/\/dijitaltekzaman.com\/yenisite\/wp-content\/uploads\/2026\/04\/ik.jpg","width":1080,"height":1080,"caption":"ik"},{"@type":"BreadcrumbList","@id":"https:\/\/dijitaltekzaman.com\/yenisite\/insan-kaynakalri\/#breadcrumb","itemListElement":[{"@type":"ListItem","position":1,"name":"Anasayfa","item":"https:\/\/dijitaltekzaman.com\/yenisite\/"},{"@type":"ListItem","position":2,"name":"\u0130nsan Kaynaklar\u0131"}]},{"@type":"WebSite","@id":"https:\/\/dijitaltekzaman.com\/yenisite\/#website","url":"https:\/\/dijitaltekzaman.com\/yenisite\/","name":"Dijitaltek Zaman Kontrol Sistemleri","description":"","publisher":{"@id":"https:\/\/dijitaltekzaman.com\/yenisite\/#organization"},"potentialAction":[{"@type":"SearchAction","target":{"@type":"EntryPoint","urlTemplate":"https:\/\/dijitaltekzaman.com\/yenisite\/?s={search_term_string}"},"query-input":{"@type":"PropertyValueSpecification","valueRequired":true,"valueName":"search_term_string"}}],"inLanguage":"tr"},{"@type":"Organization","@id":"https:\/\/dijitaltekzaman.com\/yenisite\/#organization","name":"Dijitaltek Zaman Kontrol Sistemleri","url":"https:\/\/dijitaltekzaman.com\/yenisite\/","logo":{"@type":"ImageObject","inLanguage":"tr","@id":"https:\/\/dijitaltekzaman.com\/yenisite\/#\/schema\/logo\/image\/","url":"https:\/\/dijitaltekzaman.com\/yenisite\/wp-content\/uploads\/2026\/02\/logo2.png","contentUrl":"https:\/\/dijitaltekzaman.com\/yenisite\/wp-content\/uploads\/2026\/02\/logo2.png","width":300,"height":72,"caption":"Dijitaltek Zaman Kontrol Sistemleri"},"image":{"@id":"https:\/\/dijitaltekzaman.com\/yenisite\/#\/schema\/logo\/image\/"},"sameAs":["https:\/\/www.facebook.com\/profile.php?id=100083171868951","https:\/\/www.instagram.com\/dijitaltekzaman\/"]}]}},"_links":{"self":[{"href":"https:\/\/dijitaltekzaman.com\/yenisite\/wp-json\/wp\/v2\/pages\/40926","targetHints":{"allow":["GET"]}}],"collection":[{"href":"https:\/\/dijitaltekzaman.com\/yenisite\/wp-json\/wp\/v2\/pages"}],"about":[{"href":"https:\/\/dijitaltekzaman.com\/yenisite\/wp-json\/wp\/v2\/types\/page"}],"author":[{"embeddable":true,"href":"https:\/\/dijitaltekzaman.com\/yenisite\/wp-json\/wp\/v2\/users\/1"}],"replies":[{"embeddable":true,"href":"https:\/\/dijitaltekzaman.com\/yenisite\/wp-json\/wp\/v2\/comments?post=40926"}],"version-history":[{"count":10,"href":"https:\/\/dijitaltekzaman.com\/yenisite\/wp-json\/wp\/v2\/pages\/40926\/revisions"}],"predecessor-version":[{"id":40938,"href":"https:\/\/dijitaltekzaman.com\/yenisite\/wp-json\/wp\/v2\/pages\/40926\/revisions\/40938"}],"wp:featuredmedia":[{"embeddable":true,"href":"https:\/\/dijitaltekzaman.com\/yenisite\/wp-json\/wp\/v2\/media\/40927"}],"wp:attachment":[{"href":"https:\/\/dijitaltekzaman.com\/yenisite\/wp-json\/wp\/v2\/media?parent=40926"}],"wp:term":[{"taxonomy":"category","embeddable":true,"href":"https:\/\/dijitaltekzaman.com\/yenisite\/wp-json\/wp\/v2\/categories?post=40926"},{"taxonomy":"post_tag","embeddable":true,"href":"https:\/\/dijitaltekzaman.com\/yenisite\/wp-json\/wp\/v2\/tags?post=40926"}],"curies":[{"name":"wp","href":"https:\/\/api.w.org\/{rel}","templated":true}]}}