{"id":40419,"date":"2026-02-22T23:06:09","date_gmt":"2026-02-22T20:06:09","guid":{"rendered":"https:\/\/dijitaltekzaman.com\/yenisite\/?page_id=40419"},"modified":"2026-02-23T00:10:48","modified_gmt":"2026-02-22T21:10:48","slug":"parmak-izi-okuyucu","status":"publish","type":"page","link":"https:\/\/dijitaltekzaman.com\/yenisite\/parmak-izi-okuyucu\/","title":{"rendered":"Parmak \u0130zi Okuyucu"},"content":{"rendered":"\t\t<div data-elementor-type=\"wp-page\" data-elementor-id=\"40419\" class=\"elementor elementor-40419\">\n\t\t\t\t<div class=\"elementor-element elementor-element-1402627 e-flex e-con-boxed cmsmasters-block-default e-con e-parent\" data-id=\"1402627\" data-element_type=\"container\" data-e-type=\"container\">\n\t\t\t\t\t<div class=\"e-con-inner\">\n\t\t\t\t<div class=\"elementor-element elementor-element-0be4945 cmsmasters-block-default cmsmasters-sticky-default elementor-widget elementor-widget-spacer\" data-id=\"0be4945\" data-element_type=\"widget\" data-e-type=\"widget\" data-widget_type=\"spacer.default\">\n\t\t\t\t\t\t\t<div class=\"elementor-spacer\">\n\t\t\t<div class=\"elementor-spacer-inner\"><\/div>\n\t\t<\/div>\n\t\t\t\t\t\t<\/div>\n\t\t\t\t\t<\/div>\n\t\t\t\t<\/div>\n\t\t<div class=\"elementor-element elementor-element-79fc80f e-flex e-con-boxed cmsmasters-block-default e-con e-parent\" data-id=\"79fc80f\" data-element_type=\"container\" data-e-type=\"container\">\n\t\t\t\t\t<div class=\"e-con-inner\">\n\t\t\t\t<div class=\"elementor-element elementor-element-293ca18 cmsmasters-block-default cmsmasters-sticky-default elementor-widget elementor-widget-heading\" data-id=\"293ca18\" data-element_type=\"widget\" data-e-type=\"widget\" data-widget_type=\"heading.default\">\n\t\t\t\t\t<h1 class=\"elementor-heading-title elementor-size-default\">Parmak \u0130zi Okuyucu<\/h1>\t\t\t\t<\/div>\n\t\t\t\t<div class=\"elementor-element elementor-element-36a2516 cmsmasters-block-default cmsmasters-sticky-default elementor-widget elementor-widget-spacer\" data-id=\"36a2516\" data-element_type=\"widget\" data-e-type=\"widget\" data-widget_type=\"spacer.default\">\n\t\t\t\t\t\t\t<div class=\"elementor-spacer\">\n\t\t\t<div class=\"elementor-spacer-inner\"><\/div>\n\t\t<\/div>\n\t\t\t\t\t\t<\/div>\n\t\t\t\t\t<\/div>\n\t\t\t\t<\/div>\n\t\t<div class=\"elementor-element elementor-element-0adba64 e-flex e-con-boxed cmsmasters-block-default e-con e-parent\" data-id=\"0adba64\" data-element_type=\"container\" data-e-type=\"container\">\n\t\t\t\t\t<div class=\"e-con-inner\">\n\t\t\t\t<div class=\"elementor-element elementor-element-5ec795a cmsmasters-blog--layout-custom cmsmasters-blog-grid-marker__marker-icon cmsmasters-pagination--pagination cmsmasters-pagination-pagination-type--numbers_and_prev_next cmsmasters-block-default cmsmasters-sticky-default elementor-widget elementor-widget-cmsmasters-blog-grid elementor-widget-cmsmasters-blog-similar\" data-id=\"5ec795a\" data-element_type=\"widget\" data-e-type=\"widget\" data-settings=\"{&quot;blog_layout&quot;:&quot;custom&quot;,&quot;blog_template_id&quot;:&quot;172&quot;,&quot;columns&quot;:&quot;3&quot;,&quot;blog_post_type&quot;:&quot;page&quot;,&quot;columns_mobile&quot;:&quot;1&quot;,&quot;query_control_prefix&quot;:&quot;blog&quot;,&quot;post_gap_column&quot;:{&quot;unit&quot;:&quot;px&quot;,&quot;size&quot;:&quot;&quot;,&quot;sizes&quot;:[]},&quot;post_gap_column_widescreen&quot;:{&quot;unit&quot;:&quot;px&quot;,&quot;size&quot;:&quot;&quot;,&quot;sizes&quot;:[]},&quot;post_gap_column_tablet&quot;:{&quot;unit&quot;:&quot;px&quot;,&quot;size&quot;:&quot;&quot;,&quot;sizes&quot;:[]},&quot;post_gap_row&quot;:{&quot;unit&quot;:&quot;px&quot;,&quot;size&quot;:&quot;&quot;,&quot;sizes&quot;:[]},&quot;post_gap_row_widescreen&quot;:{&quot;unit&quot;:&quot;px&quot;,&quot;size&quot;:&quot;&quot;,&quot;sizes&quot;:[]},&quot;post_gap_row_tablet&quot;:{&quot;unit&quot;:&quot;px&quot;,&quot;size&quot;:&quot;&quot;,&quot;sizes&quot;:[]},&quot;post_gap_row_mobile&quot;:{&quot;unit&quot;:&quot;px&quot;,&quot;size&quot;:&quot;&quot;,&quot;sizes&quot;:[]},&quot;border_columns_type&quot;:&quot;solid&quot;,&quot;border_vertical_width&quot;:{&quot;unit&quot;:&quot;px&quot;,&quot;size&quot;:1,&quot;sizes&quot;:[]},&quot;border_vertical_width_widescreen&quot;:{&quot;unit&quot;:&quot;px&quot;,&quot;size&quot;:&quot;&quot;,&quot;sizes&quot;:[]},&quot;border_vertical_width_tablet&quot;:{&quot;unit&quot;:&quot;px&quot;,&quot;size&quot;:&quot;&quot;,&quot;sizes&quot;:[]},&quot;border_vertical_width_mobile&quot;:{&quot;unit&quot;:&quot;px&quot;,&quot;size&quot;:&quot;&quot;,&quot;sizes&quot;:[]},&quot;border_horizontal_width&quot;:{&quot;unit&quot;:&quot;px&quot;,&quot;size&quot;:&quot;&quot;,&quot;sizes&quot;:[]},&quot;border_horizontal_width_widescreen&quot;:{&quot;unit&quot;:&quot;px&quot;,&quot;size&quot;:&quot;&quot;,&quot;sizes&quot;:[]},&quot;border_horizontal_width_tablet&quot;:{&quot;unit&quot;:&quot;px&quot;,&quot;size&quot;:&quot;&quot;,&quot;sizes&quot;:[]},&quot;border_horizontal_width_mobile&quot;:{&quot;unit&quot;:&quot;px&quot;,&quot;size&quot;:&quot;&quot;,&quot;sizes&quot;:[]},&quot;pagination_show&quot;:&quot;yes&quot;,&quot;pagination_type&quot;:&quot;pagination&quot;,&quot;pagination_via_ajax&quot;:&quot;yes&quot;,&quot;pagination_save_state&quot;:&quot;yes&quot;}\" data-widget_type=\"cmsmasters-blog-grid.default\" data-document-id=\"40419\">\n\t\t\t\t\t<div class=\"cmsmasters-blog cmsmasters-blog-grid cmsmasters-blog--type-default\"><div class=\"cmsmasters-blog__posts-variable\"><div class=\"cmsmasters-blog__posts-wrap\"><div class=\"cmsmasters-blog__posts\"><article id=\"post-40451\" class=\"cmsmasters-blog__post post-40451 page type-page status-publish has-post-thumbnail hentry category-parmak-izi-okuyucu\"><div class=\"cmsmasters-blog__post-inner\"><div data-elementor-type=\"cmsmasters_entry\" data-elementor-id=\"172\" class=\"elementor elementor-172\">\t\t\t<div class=\"elementor-inner\">\r\n\t\t\t\t<div class=\"elementor-section-wrap\">\r\n\t\t\t\t\t<div class=\"elementor-element elementor-element-7600386a e-con-full e-flex cmsmasters-block-default e-con e-parent\" data-id=\"7600386a\" data-element_type=\"container\" data-e-type=\"container\">\n\t\t\t\t<div class=\"elementor-element elementor-element-1ae9f7ee cmsmasters-object-fit cmsmasters-object-fit-cover cmsmasters-block-default cmsmasters-sticky-default elementor-widget elementor-widget-cmsmasters-post-featured-image cmsmasters-widget-image\" data-id=\"1ae9f7ee\" data-element_type=\"widget\" data-e-type=\"widget\" data-widget_type=\"cmsmasters-post-featured-image.default\">\n\t\t\t\t\t<div class=\"cmsmasters-widget-image__wrap\"><a href=\"https:\/\/dijitaltekzaman.com\/yenisite\/f34-light-2\/\" data-elementor-open-lightbox=\"\" aria-label=\"Featured Image\"><img fetchpriority=\"high\" decoding=\"async\" width=\"500\" height=\"500\" src=\"https:\/\/dijitaltekzaman.com\/yenisite\/wp-content\/uploads\/2026\/02\/F34-Lite-01.jpg\" class=\"attachment-full size-full wp-image-40380\" alt=\"\" srcset=\"https:\/\/dijitaltekzaman.com\/yenisite\/wp-content\/uploads\/2026\/02\/F34-Lite-01.jpg 500w, https:\/\/dijitaltekzaman.com\/yenisite\/wp-content\/uploads\/2026\/02\/F34-Lite-01-300x300.jpg 300w, https:\/\/dijitaltekzaman.com\/yenisite\/wp-content\/uploads\/2026\/02\/F34-Lite-01-150x150.jpg 150w, https:\/\/dijitaltekzaman.com\/yenisite\/wp-content\/uploads\/2026\/02\/F34-Lite-01-260x260.jpg 260w, https:\/\/dijitaltekzaman.com\/yenisite\/wp-content\/uploads\/2026\/02\/F34-Lite-01-100x100.jpg 100w\" sizes=\"(max-width: 500px) 100vw, 500px\" \/><\/a><\/div>\t\t\t\t<\/div>\n\t\t\t\t<div data-separate-animation-selector=\".cmsmasters-widget-title__heading\" data-text-animation-class=\"sequental, random, line, word, char\" class=\"elementor-element elementor-element-623f1df0 cmsmasters-line-clamp-yes cmsmasters-color-variation-default cmsmasters-pointer-none cmsmasters-block-default cmsmasters-sticky-default elementor-widget elementor-widget-cmsmasters-post-title cmsmasters-widget-title\" data-id=\"623f1df0\" data-element_type=\"widget\" data-e-type=\"widget\" data-widget_type=\"cmsmasters-post-title.default\">\n\t\t\t\t\t<h4 class=\"entry-title cmsmasters-widget-title__heading\" title=\"F34 Light\"><a href=\"https:\/\/dijitaltekzaman.com\/yenisite\/f34-light-2\/\">F34 Light<\/a><\/h4>\t\t\t\t<\/div>\n\t\t\t\t<div class=\"elementor-element elementor-element-5be8b871 cmsmasters-button-align-left cmsmasters-icon-arrangement-together cmsmasters-block-default cmsmasters-sticky-default elementor-widget elementor-widget-cmsmasters-button\" data-id=\"5be8b871\" data-element_type=\"widget\" data-e-type=\"widget\" data-widget_type=\"cmsmasters-button.default\">\n\t\t\t\t\t<div class=\"elementor-widget-cmsmasters-button__button-container\"><div class=\"elementor-widget-cmsmasters-button__button-container-inner\"><a href=\"https:\/\/dijitaltekzaman.com\/yenisite\/f34-light-2\/\" class=\"cmsmasters-button-link elementor-widget-cmsmasters-button__button cmsmasters-icon-view-default cmsmasters-icon-shape- cmsmasters-button-size-md\" role=\"button\" tabindex=\"0\"><span class=\"elementor-widget-cmsmasters-button__content-wrapper cmsmasters-align-icon-left\"><span class=\"elementor-widget-cmsmasters-button__icon\"><svg aria-hidden=\"true\" class=\"e-font-icon-svg e-fas-paper-plane\" viewBox=\"0 0 512 512\" xmlns=\"http:\/\/www.w3.org\/2000\/svg\"><path d=\"M476 3.2L12.5 270.6c-18.1 10.4-15.8 35.6 2.2 43.2L121 358.4l287.3-253.2c5.5-4.9 13.3 2.6 8.6 8.3L176 407v80.5c0 23.6 28.5 32.9 42.5 15.8L282 426l124.6 52.2c14.2 6 30.4-2.9 33-18.2l72-432C515 7.8 493.3-6.8 476 3.2z\"><\/path><\/svg><\/span><span class=\"elementor-widget-cmsmasters-button__text\">\u0130ncele<\/span><\/span><\/a><\/div><\/div>\t\t\t\t<\/div>\n\t\t\t\t<div class=\"elementor-element elementor-element-6b933ac cmsmasters-block-default cmsmasters-sticky-default elementor-widget elementor-widget-spacer\" data-id=\"6b933ac\" data-element_type=\"widget\" data-e-type=\"widget\" data-widget_type=\"spacer.default\">\n\t\t\t\t\t\t\t<div class=\"elementor-spacer\">\n\t\t\t<div class=\"elementor-spacer-inner\"><\/div>\n\t\t<\/div>\n\t\t\t\t\t\t<\/div>\n\t\t\t\t<\/div>\n\t\t\t\t\t\t<\/div>\r\n\t\t\t<\/div>\r\n\t\t<\/div><\/div><\/article><article id=\"post-40390\" class=\"cmsmasters-blog__post post-40390 page type-page status-publish has-post-thumbnail hentry category-parmak-izi-okuyucu\"><div class=\"cmsmasters-blog__post-inner\"><div data-elementor-type=\"cmsmasters_entry\" data-elementor-id=\"172\" class=\"elementor elementor-172\">\t\t\t<div class=\"elementor-inner\">\r\n\t\t\t\t<div class=\"elementor-section-wrap\">\r\n\t\t\t\t\t<div class=\"elementor-element elementor-element-7600386a e-con-full e-flex cmsmasters-block-default e-con e-parent\" data-id=\"7600386a\" data-element_type=\"container\" data-e-type=\"container\">\n\t\t\t\t<div class=\"elementor-element elementor-element-1ae9f7ee cmsmasters-object-fit cmsmasters-object-fit-cover cmsmasters-block-default cmsmasters-sticky-default elementor-widget elementor-widget-cmsmasters-post-featured-image cmsmasters-widget-image\" data-id=\"1ae9f7ee\" data-element_type=\"widget\" data-e-type=\"widget\" data-widget_type=\"cmsmasters-post-featured-image.default\">\n\t\t\t\t\t<div class=\"cmsmasters-widget-image__wrap\"><a href=\"https:\/\/dijitaltekzaman.com\/yenisite\/f34-light\/\" data-elementor-open-lightbox=\"\" aria-label=\"Featured Image\"><img fetchpriority=\"high\" decoding=\"async\" width=\"500\" height=\"500\" src=\"https:\/\/dijitaltekzaman.com\/yenisite\/wp-content\/uploads\/2026\/02\/F34-Lite-01.jpg\" class=\"attachment-full size-full wp-image-40380\" alt=\"\" srcset=\"https:\/\/dijitaltekzaman.com\/yenisite\/wp-content\/uploads\/2026\/02\/F34-Lite-01.jpg 500w, https:\/\/dijitaltekzaman.com\/yenisite\/wp-content\/uploads\/2026\/02\/F34-Lite-01-300x300.jpg 300w, https:\/\/dijitaltekzaman.com\/yenisite\/wp-content\/uploads\/2026\/02\/F34-Lite-01-150x150.jpg 150w, https:\/\/dijitaltekzaman.com\/yenisite\/wp-content\/uploads\/2026\/02\/F34-Lite-01-260x260.jpg 260w, https:\/\/dijitaltekzaman.com\/yenisite\/wp-content\/uploads\/2026\/02\/F34-Lite-01-100x100.jpg 100w\" sizes=\"(max-width: 500px) 100vw, 500px\" \/><\/a><\/div>\t\t\t\t<\/div>\n\t\t\t\t<div data-separate-animation-selector=\".cmsmasters-widget-title__heading\" data-text-animation-class=\"sequental, random, line, word, char\" class=\"elementor-element elementor-element-623f1df0 cmsmasters-line-clamp-yes cmsmasters-color-variation-default cmsmasters-pointer-none cmsmasters-block-default cmsmasters-sticky-default elementor-widget elementor-widget-cmsmasters-post-title cmsmasters-widget-title\" data-id=\"623f1df0\" data-element_type=\"widget\" data-e-type=\"widget\" data-widget_type=\"cmsmasters-post-title.default\">\n\t\t\t\t\t<h4 class=\"entry-title cmsmasters-widget-title__heading\" title=\"F34 Light\"><a href=\"https:\/\/dijitaltekzaman.com\/yenisite\/f34-light\/\">F34 Light<\/a><\/h4>\t\t\t\t<\/div>\n\t\t\t\t<div class=\"elementor-element elementor-element-5be8b871 cmsmasters-button-align-left cmsmasters-icon-arrangement-together cmsmasters-block-default cmsmasters-sticky-default elementor-widget elementor-widget-cmsmasters-button\" data-id=\"5be8b871\" data-element_type=\"widget\" data-e-type=\"widget\" data-widget_type=\"cmsmasters-button.default\">\n\t\t\t\t\t<div class=\"elementor-widget-cmsmasters-button__button-container\"><div class=\"elementor-widget-cmsmasters-button__button-container-inner\"><a href=\"https:\/\/dijitaltekzaman.com\/yenisite\/f34-light\/\" class=\"cmsmasters-button-link elementor-widget-cmsmasters-button__button cmsmasters-icon-view-default cmsmasters-icon-shape- cmsmasters-button-size-md\" role=\"button\" tabindex=\"0\"><span class=\"elementor-widget-cmsmasters-button__content-wrapper cmsmasters-align-icon-left\"><span class=\"elementor-widget-cmsmasters-button__icon\"><svg aria-hidden=\"true\" class=\"e-font-icon-svg e-fas-paper-plane\" viewBox=\"0 0 512 512\" xmlns=\"http:\/\/www.w3.org\/2000\/svg\"><path d=\"M476 3.2L12.5 270.6c-18.1 10.4-15.8 35.6 2.2 43.2L121 358.4l287.3-253.2c5.5-4.9 13.3 2.6 8.6 8.3L176 407v80.5c0 23.6 28.5 32.9 42.5 15.8L282 426l124.6 52.2c14.2 6 30.4-2.9 33-18.2l72-432C515 7.8 493.3-6.8 476 3.2z\"><\/path><\/svg><\/span><span class=\"elementor-widget-cmsmasters-button__text\">\u0130ncele<\/span><\/span><\/a><\/div><\/div>\t\t\t\t<\/div>\n\t\t\t\t<div class=\"elementor-element elementor-element-6b933ac cmsmasters-block-default cmsmasters-sticky-default elementor-widget elementor-widget-spacer\" data-id=\"6b933ac\" data-element_type=\"widget\" data-e-type=\"widget\" data-widget_type=\"spacer.default\">\n\t\t\t\t\t\t\t<div class=\"elementor-spacer\">\n\t\t\t<div class=\"elementor-spacer-inner\"><\/div>\n\t\t<\/div>\n\t\t\t\t\t\t<\/div>\n\t\t\t\t<\/div>\n\t\t\t\t\t\t<\/div>\r\n\t\t\t<\/div>\r\n\t\t<\/div><\/div><\/article><\/div><\/div><\/div><\/div>\t\t\t\t<\/div>\n\t\t\t\t\t<\/div>\n\t\t\t\t<\/div>\n\t\t<div class=\"elementor-element elementor-element-0413ab0 e-flex e-con-boxed cmsmasters-block-default e-con e-parent\" data-id=\"0413ab0\" data-element_type=\"container\" data-e-type=\"container\">\n\t\t\t\t\t<div class=\"e-con-inner\">\n\t\t\t\t<div class=\"elementor-element elementor-element-aa9b21d cmsmasters-block-default cmsmasters-sticky-default elementor-widget elementor-widget-spacer\" data-id=\"aa9b21d\" data-element_type=\"widget\" data-e-type=\"widget\" data-widget_type=\"spacer.default\">\n\t\t\t\t\t\t\t<div class=\"elementor-spacer\">\n\t\t\t<div class=\"elementor-spacer-inner\"><\/div>\n\t\t<\/div>\n\t\t\t\t\t\t<\/div>\n\t\t\t\t\t<\/div>\n\t\t\t\t<\/div>\n\t\t<div class=\"elementor-element elementor-element-b9c7d5a e-flex e-con-boxed cmsmasters-block-default e-con e-parent\" data-id=\"b9c7d5a\" data-element_type=\"container\" data-e-type=\"container\">\n\t\t\t\t\t<div class=\"e-con-inner\">\n\t\t\t\t<div class=\"elementor-element elementor-element-64a767e cmsmasters-block-default cmsmasters-sticky-default elementor-widget elementor-widget-heading\" data-id=\"64a767e\" data-element_type=\"widget\" data-e-type=\"widget\" data-widget_type=\"heading.default\">\n\t\t\t\t\t<h2 class=\"elementor-heading-title elementor-size-default\">Parmak \u0130zi Okuyucular\u0131n Avantajlar\u0131<\/h2>\t\t\t\t<\/div>\n\t\t\t\t\t<\/div>\n\t\t\t\t<\/div>\n\t\t<div class=\"elementor-element elementor-element-f02d43c e-flex e-con-boxed cmsmasters-block-default e-con e-parent\" data-id=\"f02d43c\" data-element_type=\"container\" data-e-type=\"container\">\n\t\t\t\t\t<div class=\"e-con-inner\">\n\t\t\t\t<div class=\"elementor-element elementor-element-7e1b3d7 cmsmasters-block-default cmsmasters-sticky-default elementor-widget elementor-widget-text-editor\" data-id=\"7e1b3d7\" data-element_type=\"widget\" data-e-type=\"widget\" data-widget_type=\"text-editor.default\">\n\t\t\t\t\t\t\t\t\t<p>Lorem ipsum dolor sit amet, consectetur adipiscing elit. Ut elit tellus, luctus nec ullamcorper mattis, pulvinar dapibus leo.<\/p><p>Lorem ipsum dolor sit amet, consectetur adipiscing elit. Ut elit tellus, luctus nec ullamcorper mattis, pulvinar dapibus leo.Lorem ipsum dolor sit amet, consectetur adipiscing elit. Ut elit tellus, luctus nec ullamcorper mattis, pulvinar dapibus leo.<\/p><p>Lorem ipsum dolor sit amet, consectetur adipiscing elit. Ut elit tellus, luctus nec ullamcorper mattis, pulvinar dapibus leo.<\/p><p>Lorem ipsum dolor sit amet, consectetur adipiscing elit. Ut elit tellus, luctus nec ullamcorper mattis, pulvinar dapibus leo.Lorem ipsum dolor sit amet, consectetur adipiscing elit. Ut elit tellus, luctus nec ullamcorper mattis, pulvinar dapibus leo.<\/p><p>Lorem ipsum dolor sit amet, consectetur adipiscing elit. Ut elit tellus, luctus nec ullamcorper mattis, pulvinar dapibus leo.<\/p><p>\u00a0<\/p><p>Lorem ipsum dolor sit amet, consectetur adipiscing elit. Ut elit tellus, luctus nec ullamcorper mattis, pulvinar dapibus leo.<\/p>\t\t\t\t\t\t\t\t<\/div>\n\t\t\t\t\t<\/div>\n\t\t\t\t<\/div>\n\t\t\t\t<\/div>\n\t\t","protected":false},"excerpt":{"rendered":"<p>Parmak \u0130zi Okuyucu Parmak \u0130zi Okuyucular\u0131n Avantajlar\u0131 Lorem ipsum dolor sit amet, consectetur adipiscing elit. Ut elit tellus, luctus nec ullamcorper mattis, pulvinar dapibus leo. Lorem ipsum dolor sit amet, consectetur adipiscing elit. Ut elit tellus, luctus nec ullamcorper mattis, pulvinar dapibus leo.Lorem ipsum dolor sit amet, consectetur adipiscing elit. Ut elit tellus, luctus nec&#8230;<\/p>\n","protected":false},"author":1,"featured_media":0,"parent":0,"menu_order":0,"comment_status":"closed","ping_status":"closed","template":"","meta":{"_acf_changed":false,"footnotes":""},"categories":[],"tags":[],"class_list":["post-40419","page","type-page","status-publish","hentry"],"acf":[],"yoast_head":"<!-- This site is optimized with the Yoast SEO plugin v27.0 - https:\/\/yoast.com\/product\/yoast-seo-wordpress\/ -->\n<title>Parmak \u0130zi Okuyucu - DijitalTek Zaman Kontrol Sistemleri<\/title>\n<meta name=\"robots\" content=\"noindex, follow, max-snippet:-1, max-image-preview:large, max-video-preview:-1\" \/>\n<meta property=\"og:locale\" content=\"tr_TR\" \/>\n<meta property=\"og:type\" content=\"article\" \/>\n<meta property=\"og:title\" content=\"Parmak \u0130zi Okuyucu - DijitalTek Zaman Kontrol Sistemleri\" \/>\n<meta property=\"og:description\" content=\"Parmak \u0130zi Okuyucu Parmak \u0130zi Okuyucular\u0131n Avantajlar\u0131 Lorem ipsum dolor sit amet, consectetur adipiscing elit. Ut elit tellus, luctus nec ullamcorper mattis, pulvinar dapibus leo. Lorem ipsum dolor sit amet, consectetur adipiscing elit. Ut elit tellus, luctus nec ullamcorper mattis, pulvinar dapibus leo.Lorem ipsum dolor sit amet, consectetur adipiscing elit. Ut elit tellus, luctus nec...\" \/>\n<meta property=\"og:url\" content=\"https:\/\/dijitaltekzaman.com\/yenisite\/parmak-izi-okuyucu\/\" \/>\n<meta property=\"og:site_name\" content=\"DijitalTek Zaman Kontrol Sistemleri\" \/>\n<meta property=\"article:publisher\" content=\"https:\/\/www.facebook.com\/profile.php?id=100083171868951\" \/>\n<meta property=\"article:modified_time\" content=\"2026-02-22T21:10:48+00:00\" \/>\n<meta name=\"twitter:card\" content=\"summary_large_image\" \/>\n<meta name=\"twitter:label1\" content=\"Tahmini okuma s\u00fcresi\" \/>\n\t<meta name=\"twitter:data1\" content=\"3 dakika\" \/>\n<script type=\"application\/ld+json\" class=\"yoast-schema-graph\">{\"@context\":\"https:\/\/schema.org\",\"@graph\":[{\"@type\":\"WebPage\",\"@id\":\"https:\/\/dijitaltekzaman.com\/yenisite\/parmak-izi-okuyucu\/\",\"url\":\"https:\/\/dijitaltekzaman.com\/yenisite\/parmak-izi-okuyucu\/\",\"name\":\"Parmak \u0130zi Okuyucu - DijitalTek Zaman Kontrol Sistemleri\",\"isPartOf\":{\"@id\":\"https:\/\/dijitaltekzaman.com\/yenisite\/#website\"},\"datePublished\":\"2026-02-22T20:06:09+00:00\",\"dateModified\":\"2026-02-22T21:10:48+00:00\",\"breadcrumb\":{\"@id\":\"https:\/\/dijitaltekzaman.com\/yenisite\/parmak-izi-okuyucu\/#breadcrumb\"},\"inLanguage\":\"tr\",\"potentialAction\":[{\"@type\":\"ReadAction\",\"target\":[\"https:\/\/dijitaltekzaman.com\/yenisite\/parmak-izi-okuyucu\/\"]}]},{\"@type\":\"BreadcrumbList\",\"@id\":\"https:\/\/dijitaltekzaman.com\/yenisite\/parmak-izi-okuyucu\/#breadcrumb\",\"itemListElement\":[{\"@type\":\"ListItem\",\"position\":1,\"name\":\"Anasayfa\",\"item\":\"https:\/\/dijitaltekzaman.com\/yenisite\/\"},{\"@type\":\"ListItem\",\"position\":2,\"name\":\"Parmak \u0130zi Okuyucu\"}]},{\"@type\":\"WebSite\",\"@id\":\"https:\/\/dijitaltekzaman.com\/yenisite\/#website\",\"url\":\"https:\/\/dijitaltekzaman.com\/yenisite\/\",\"name\":\"Dijitaltek Zaman Kontrol Sistemleri\",\"description\":\"\",\"publisher\":{\"@id\":\"https:\/\/dijitaltekzaman.com\/yenisite\/#organization\"},\"potentialAction\":[{\"@type\":\"SearchAction\",\"target\":{\"@type\":\"EntryPoint\",\"urlTemplate\":\"https:\/\/dijitaltekzaman.com\/yenisite\/?s={search_term_string}\"},\"query-input\":{\"@type\":\"PropertyValueSpecification\",\"valueRequired\":true,\"valueName\":\"search_term_string\"}}],\"inLanguage\":\"tr\"},{\"@type\":\"Organization\",\"@id\":\"https:\/\/dijitaltekzaman.com\/yenisite\/#organization\",\"name\":\"Dijitaltek Zaman Kontrol Sistemleri\",\"url\":\"https:\/\/dijitaltekzaman.com\/yenisite\/\",\"logo\":{\"@type\":\"ImageObject\",\"inLanguage\":\"tr\",\"@id\":\"https:\/\/dijitaltekzaman.com\/yenisite\/#\/schema\/logo\/image\/\",\"url\":\"https:\/\/dijitaltekzaman.com\/yenisite\/wp-content\/uploads\/2026\/02\/logo2.png\",\"contentUrl\":\"https:\/\/dijitaltekzaman.com\/yenisite\/wp-content\/uploads\/2026\/02\/logo2.png\",\"width\":300,\"height\":72,\"caption\":\"Dijitaltek Zaman Kontrol Sistemleri\"},\"image\":{\"@id\":\"https:\/\/dijitaltekzaman.com\/yenisite\/#\/schema\/logo\/image\/\"},\"sameAs\":[\"https:\/\/www.facebook.com\/profile.php?id=100083171868951\",\"https:\/\/www.instagram.com\/dijitaltekzaman\/\"]}]}<\/script>\n<!-- \/ Yoast SEO plugin. -->","yoast_head_json":{"title":"Parmak \u0130zi Okuyucu - DijitalTek Zaman Kontrol Sistemleri","robots":{"index":"noindex","follow":"follow","max-snippet":"max-snippet:-1","max-image-preview":"max-image-preview:large","max-video-preview":"max-video-preview:-1"},"og_locale":"tr_TR","og_type":"article","og_title":"Parmak \u0130zi Okuyucu - DijitalTek Zaman Kontrol Sistemleri","og_description":"Parmak \u0130zi Okuyucu Parmak \u0130zi Okuyucular\u0131n Avantajlar\u0131 Lorem ipsum dolor sit amet, consectetur adipiscing elit. Ut elit tellus, luctus nec ullamcorper mattis, pulvinar dapibus leo. Lorem ipsum dolor sit amet, consectetur adipiscing elit. Ut elit tellus, luctus nec ullamcorper mattis, pulvinar dapibus leo.Lorem ipsum dolor sit amet, consectetur adipiscing elit. Ut elit tellus, luctus nec...","og_url":"https:\/\/dijitaltekzaman.com\/yenisite\/parmak-izi-okuyucu\/","og_site_name":"DijitalTek Zaman Kontrol Sistemleri","article_publisher":"https:\/\/www.facebook.com\/profile.php?id=100083171868951","article_modified_time":"2026-02-22T21:10:48+00:00","twitter_card":"summary_large_image","twitter_misc":{"Tahmini okuma s\u00fcresi":"3 dakika"},"schema":{"@context":"https:\/\/schema.org","@graph":[{"@type":"WebPage","@id":"https:\/\/dijitaltekzaman.com\/yenisite\/parmak-izi-okuyucu\/","url":"https:\/\/dijitaltekzaman.com\/yenisite\/parmak-izi-okuyucu\/","name":"Parmak \u0130zi Okuyucu - DijitalTek Zaman Kontrol Sistemleri","isPartOf":{"@id":"https:\/\/dijitaltekzaman.com\/yenisite\/#website"},"datePublished":"2026-02-22T20:06:09+00:00","dateModified":"2026-02-22T21:10:48+00:00","breadcrumb":{"@id":"https:\/\/dijitaltekzaman.com\/yenisite\/parmak-izi-okuyucu\/#breadcrumb"},"inLanguage":"tr","potentialAction":[{"@type":"ReadAction","target":["https:\/\/dijitaltekzaman.com\/yenisite\/parmak-izi-okuyucu\/"]}]},{"@type":"BreadcrumbList","@id":"https:\/\/dijitaltekzaman.com\/yenisite\/parmak-izi-okuyucu\/#breadcrumb","itemListElement":[{"@type":"ListItem","position":1,"name":"Anasayfa","item":"https:\/\/dijitaltekzaman.com\/yenisite\/"},{"@type":"ListItem","position":2,"name":"Parmak \u0130zi Okuyucu"}]},{"@type":"WebSite","@id":"https:\/\/dijitaltekzaman.com\/yenisite\/#website","url":"https:\/\/dijitaltekzaman.com\/yenisite\/","name":"Dijitaltek Zaman Kontrol Sistemleri","description":"","publisher":{"@id":"https:\/\/dijitaltekzaman.com\/yenisite\/#organization"},"potentialAction":[{"@type":"SearchAction","target":{"@type":"EntryPoint","urlTemplate":"https:\/\/dijitaltekzaman.com\/yenisite\/?s={search_term_string}"},"query-input":{"@type":"PropertyValueSpecification","valueRequired":true,"valueName":"search_term_string"}}],"inLanguage":"tr"},{"@type":"Organization","@id":"https:\/\/dijitaltekzaman.com\/yenisite\/#organization","name":"Dijitaltek Zaman Kontrol Sistemleri","url":"https:\/\/dijitaltekzaman.com\/yenisite\/","logo":{"@type":"ImageObject","inLanguage":"tr","@id":"https:\/\/dijitaltekzaman.com\/yenisite\/#\/schema\/logo\/image\/","url":"https:\/\/dijitaltekzaman.com\/yenisite\/wp-content\/uploads\/2026\/02\/logo2.png","contentUrl":"https:\/\/dijitaltekzaman.com\/yenisite\/wp-content\/uploads\/2026\/02\/logo2.png","width":300,"height":72,"caption":"Dijitaltek Zaman Kontrol Sistemleri"},"image":{"@id":"https:\/\/dijitaltekzaman.com\/yenisite\/#\/schema\/logo\/image\/"},"sameAs":["https:\/\/www.facebook.com\/profile.php?id=100083171868951","https:\/\/www.instagram.com\/dijitaltekzaman\/"]}]}},"_links":{"self":[{"href":"https:\/\/dijitaltekzaman.com\/yenisite\/wp-json\/wp\/v2\/pages\/40419","targetHints":{"allow":["GET"]}}],"collection":[{"href":"https:\/\/dijitaltekzaman.com\/yenisite\/wp-json\/wp\/v2\/pages"}],"about":[{"href":"https:\/\/dijitaltekzaman.com\/yenisite\/wp-json\/wp\/v2\/types\/page"}],"author":[{"embeddable":true,"href":"https:\/\/dijitaltekzaman.com\/yenisite\/wp-json\/wp\/v2\/users\/1"}],"replies":[{"embeddable":true,"href":"https:\/\/dijitaltekzaman.com\/yenisite\/wp-json\/wp\/v2\/comments?post=40419"}],"version-history":[{"count":13,"href":"https:\/\/dijitaltekzaman.com\/yenisite\/wp-json\/wp\/v2\/pages\/40419\/revisions"}],"predecessor-version":[{"id":40440,"href":"https:\/\/dijitaltekzaman.com\/yenisite\/wp-json\/wp\/v2\/pages\/40419\/revisions\/40440"}],"wp:attachment":[{"href":"https:\/\/dijitaltekzaman.com\/yenisite\/wp-json\/wp\/v2\/media?parent=40419"}],"wp:term":[{"taxonomy":"category","embeddable":true,"href":"https:\/\/dijitaltekzaman.com\/yenisite\/wp-json\/wp\/v2\/categories?post=40419"},{"taxonomy":"post_tag","embeddable":true,"href":"https:\/\/dijitaltekzaman.com\/yenisite\/wp-json\/wp\/v2\/tags?post=40419"}],"curies":[{"name":"wp","href":"https:\/\/api.w.org\/{rel}","templated":true}]}}